t s(y) = -14*y - 9*y - 4*y + 2*y. Let f be s(-2). Let g(c) = -c**3 - 5*c**2 - c - 22. Let t be g(-6). Calculate the greatest common factor of t and f.
10
Suppose 119*z - 105 = 609. Calculate the highest common factor of z and 76.
2
Let d be 5 + -3 - (2 + 1). Let a = 27 - d. Suppose 3*f - 9*f + 504 = 0. What is the greatest common divisor of f and a?
28
Let i(a) = a**2 + 10*a + 11. Let o be i(-9). Calculate the greatest common divisor of 5 and o.
1
Let o be 9 + (-3 - 0 - 0). Suppose -o + 7 = b. Let p be (-1)/((-3 - b)/56). What is the greatest common factor of 21 and p?
7
Let p = 42 - 59. Let v be (-9)/(-15)*(-7 - p). Let n be (2/3)/((-4)/(-90)). What is the greatest common factor of n and v?
3
Let m be 2/4*12/(-42)*-133. Suppose 2*a - 27 - 37 = 4*k, 105 = 3*a - 3*k. What is the highest common divisor of a and m?
19
Suppose 0 = 3*o - 15 - 33. Let u = o + -11. Suppose z + g = -2*z + 95, -u*z = 2*g - 160. Calculate the greatest common factor of z and 3.
3
Let y(n) = -6*n + 22. Let m be y(6). Let f be (-12)/28 - 104/m. Calculate the greatest common factor of 77 and f.
7
Let o(z) = -z**2 - 11*z - 24. Let l be o(-7). Suppose l*r - 240 = -5*k, k - 6*k = r - 60. Calculate the greatest common divisor of 30 and r.
30
Suppose 53 - 14 = 13*c. Let v(j) = -j. Let o be v(0). Suppose -87 = -2*l + c*a, o*a = 5*l - a - 224. What is the highest common divisor of 9 and l?
9
Let m(h) be the third derivative of -h**4/24 + 6*h**3 + 17*h**2. Let t be m(22). What is the highest common factor of 7 and t?
7
Let z = -18 + 23. Suppose -15 = -z*p + q - 5*q, 0 = 3*p - 2*q - 9. Let l be (32/p)/((-12)/(-18)). Calculate the highest common divisor of 16 and l.
16
Suppose -32*q - 1859 = -8355. What is the highest common factor of q and 87?
29
Let o be 1/((-7)/(-150))*(277 + -270). What is the highest common divisor of 550 and o?
50
Suppose -2*a - v + 111 + 14 = 0, -5*a + 326 = -2*v. Calculate the highest common divisor of 4 and a.
4
Let x(p) = p**2 - 5*p + 9. Let h be x(4). Let t = -6 - -5. Let s be (1*(-1)/1)/t. What is the greatest common divisor of s and h?
1
Let n(f) = -17*f - 10. Let t be n(-2). Calculate the highest common divisor of 192 and t.
24
Let h(z) = z**3 - 30*z**2 + 36*z - 119. Let b be h(29). Calculate the highest common divisor of b and 1596.
84
Let x(n) = -2*n**2 - 26*n - 21. Let u be x(-12). Let a be -2*2*(-3)/4. What is the greatest common factor of a and u?
3
Let i(s) = s**3 - 12*s**2 + 10*s + 2. Let l be i(11). Let v be (-1 - l) + 9/(-12)*-4. Calculate the greatest common divisor of v and 11.
11
Let i be 2/1*(3 - 1). Let d be (-5 - -1)*36/(-24). What is the highest common divisor of i and d?
2
Suppose -10*g = -65*g + 3410. What is the highest common divisor of g and 6?
2
Let l(d) = 10*d + 154. Let y be l(-7). Calculate the greatest common divisor of y and 210.
42
Let h(z) = 2*z**2 + 8*z - 3. Let b be h(-6). Let m be ((-60)/21)/((-6)/b). What is the greatest common divisor of m and 90?
10
Let z = -9 + 14. Calculate the highest common divisor of z and 5.
5
Suppose -15*y = 3*f - 18*y - 84, -2*f + y = -56. What is the highest common factor of f and 84?
28
Let f(r) = 5*r + 9*r + 165*r**2 - 6 - 164*r**2. Let n be f(-11). Let k be (-40 - -1)*26/n. Calculate the highest common factor of 286 and k.
26
Let d(r) = -15*r - 7*r - 6*r**2 + r**3 - 4 - 4*r**2 - r. Let l be d(12). What is the highest common divisor of l and 24?
8
Suppose -2*d = 4*w - 38, -3*d + 4*w = -0*w - 37. What is the greatest common factor of 15 and d?
15
Let p be 156/234*(-90)/(-4). Calculate the highest common divisor of p and 330.
15
Let p(h) = -h**3 - 18*h**2 - 19*h + 14. Let g be p(-17). Let n be ((-2)/(-4) - 1)/(g/(-480)). What is the greatest common divisor of 10 and n?
5
Let t be (0 + (-2 - 3))*-3. Suppose -6*p - 27 = -t*p. Let n be 9 + (0 - 2) + 2. What is the greatest common factor of p and n?
3
Suppose -31 - 17 = -8*s. Suppose 0 = 4*i - 3*i + 12. Let g(w) = w**3 + 13*w**2 + 12*w + 9. Let c be g(i). Calculate the greatest common divisor of s and c.
3
Let b(w) = w**3 - 3*w**2 - 2*w + 1. Let j be b(4). Suppose -13*p = -j*p - 264. What is the greatest common divisor of p and 11?
11
Let g(w) = w**2 + 6*w - 6. Let u be g(-8). Suppose -5*y + 3 + 18 = 4*k, 0 = 2*y - 3*k + u. Calculate the greatest common factor of y and 1.
1
Let r = 652 - 631. Calculate the highest common divisor of r and 39.
3
Suppose 6*c + 10 + 2 = 0. Let w be (52/(-16))/(c/8). Suppose -w*a + 25 = -8*a. What is the highest common factor of 20 and a?
5
Let x be 85/34 + 1/(-2). What is the greatest common factor of 49 and x?
1
Let u(b) be the third derivative of b**4/8 + b**3/6 + 2*b**2. Let q be u(10). Suppose 341 = 48*x - 47*x. What is the highest common divisor of x and q?
31
Suppose 3*j - 446 + 134 = 0. Suppose 3*q + 6*o - 4*o = 103, j = 3*q + o. Let a be (-7)/((-1)/(0 + 1)). What is the highest common factor of q and a?
7
Suppose 0 = 3*u - 0*u + n - 838, 5*n = 5. What is the greatest common divisor of 155 and u?
31
Let g be (-1 - -2) + -1 - -297. Suppose -g = -5*l + 123. Let z be (1 - 5) + (3 - -23) + -1. Calculate the highest common divisor of l and z.
21
Let h(q) = 4*q**2 - 1. Let s = 57 - 85. Let z = s + 30. Let a be h(z). What is the greatest common divisor of 6 and a?
3
Suppose -2*s = -7*t + 8*t - 202, -101 = -s + 5*t. Suppose -10*h = 21 - s. What is the highest common factor of h and 104?
8
Let r be -9 - (3 - (-10)/(-2)). Let v(g) = -g**3 - 6*g**2 + 9*g + 3. Let z be v(r). Let w = z + 17. What is the greatest common factor of 18 and w?
6
Suppose -7*d + 2*d - 134 = -3*c, 4*c - 196 = -2*d. Calculate the highest common factor of 432 and c.
48
Let p = -92 - -228. Let b be (-2 - (-45)/(-20))*-4. What is the highest common divisor of p and b?
17
Suppose 24 = 11*z - 9. Suppose -9 = z*s, -137 = -5*f - 0*s - s. Suppose 0 = 4*d - d - 42. What is the greatest common factor of d and f?
14
Suppose -31 = -5*w + 4*m + 39, -w - 10 = 4*m. What is the highest common divisor of w and 15?
5
Suppose -2*w - 2 = -14. Suppose t - w - 20 = 0. Let x = t - 14. What is the highest common divisor of 6 and x?
6
Suppose -5*h + 2 + 3 = 5*q, 0 = 3*h + 5*q + 7. Suppose -12 = 2*k - 16, -3*k = 5*m - 96. Calculate the greatest common divisor of h and m.
6
Let s be 1900/16 - (-3 + 28/16). What is the highest common divisor of 780 and s?
60
Let x(a) = 8 - 14 - 20*a + 14. Let j be x(-4). What is the highest common factor of j and 220?
44
Let l = 528 - 176. What is the greatest common divisor of 22 and l?
22
Let l be 4/2 - 6 - 1 - -477. What is the greatest common factor of l and 8?
8
Suppose -4*u - 3675 + 4815 = 0. What is the greatest common factor of u and 180?
15
Let i(d) = d**2 - 13*d - 8. Let f be i(14). Suppose -f*w = -2*w - 80. Calculate the greatest common factor of w and 8.
4
Let n(p) = p**2 - 5*p - 4. Let j be n(6). Let q = j - -1. Suppose -q = -m + 3. Calculate the highest common divisor of 9 and m.
3
Let x(w) = 2*w - w - 12 + 5*w + w**2. Let g be x(6). What is the highest common divisor of 15 and g?
15
Let d(q) be the first derivative of -6*q**2 - 2*q + 13. Let a be d(-3). What is the highest common divisor of 17 and a?
17
Let o = 146 - 266. Let d = o + 147. What is the greatest common divisor of d and 3?
3
Let r = 599 + 425. Calculate the greatest common divisor of r and 32.
32
Let j(t) = 2*t + 28. Let n be j(29). What is the highest common divisor of 215 and n?
43
Let r be (-8)/(-20) - (-18)/5. Suppose r*x - 12 = -0*x. Suppose -2*v + x*t = -13, -3*t = 2*t - 15. Calculate the greatest common factor of 1 and v.
1
Let i(n) = -n - 4. Let a be i(-7). Suppose -a*s = 2*s - 100. Let l = s + -1. Calculate the greatest common divisor of l and 152.
19
Suppose -2*w + 280 = -0*w. Suppose w - 5 = 9*m. What is the highest common factor of m and 75?
15
Suppose -2*j + 4*b = -156, -72 = -j - 0*j + 4*b. What is the highest common divisor of j and 24?
12
Suppose -2*u = 0, 4*k - 8*k - 2*u + 4 = 0. Let z be 110 - (-2 + k - -2) - -3. What is the highest common divisor of z and 28?
28
Let v be 15 + 0/(-6) + 3. Calculate the greatest common divisor of v and 90.
18
Let q = 42 + -34. Let j(w) = 2*w**2 + 8*w - 16. Let r be j(q). What is the highest common factor of 11 and r?
11
Let y = 26 + -34. Let o be (12/(-7))/(y/308). What is the greatest common divisor of 22 and 